actor of p and 72.
8
Let c(m) = -m**3 + 5*m**2 + 8*m - 4. Let x be c(-4). Calculate the highest common divisor of x and 36.
36
Let o be (-26)/(-8) - (-3)/(-12). Let k = -5 + o. Let i be (-1 + 3/(-2))*k. What is the greatest common factor of 20 and i?
5
Let f be 4/8 + (-1316)/(-8). Calculate the greatest common divisor of f and 15.
15
Let c = 31 - 15. Let f be 12/(-27)*6*-42. Calculate the greatest common factor of f and c.
16
Let k be 460/(-3) + 2/6. Let a be (2 - k) + 6/(-2). Calculate the greatest common divisor of a and 19.
19
Let x(h) = 4*h**2 - h + 1. Let f be x(1). Suppose 5*j = 54 - f. Let y(c) = 8*c**2 + 6*c + 6. Let t be y(-4). What is the greatest common divisor of t and j?
10
Let o = 7 + 9. Suppose 4*i = g + 13, -2*g - 12 = -5*i + 2. Suppose i*l - 3*r - 137 = 0, -5*r + 23 = -l + 70. Calculate the greatest common factor of l and o.
16
Let k be (-14)/(-10) - (-7)/35*-2. Calculate the highest common factor of 8 and k.
1
Let r(w) = w**2 - 2*w - 1. Let u be r(3). Let h(l) = 0*l**2 - 5*l**2 + 7*l**2 + 5*l**3 - 4*l**3. Let n be h(u). What is the highest common factor of 24 and n?
8
Suppose 290 = 5*b - 75. Let s = b - 17. Calculate the greatest common divisor of 14 and s.
14
Let y be 136 + -2 - (-1 - 1). What is the greatest common factor of 17 and y?
17
Let b be (-9)/(-21) - (-335)/35. Let u be 336/15 + (-4)/b. Let q = -1 - -3. Calculate the highest common divisor of u and q.
2
Let d be -1 - (1 + (2 - 26)). Suppose 4*w = 6 + 214. What is the highest common divisor of w and d?
11
Let t = -7 - -49. Let c(f) = f**2 + 7*f + 6. Let n be c(-8). Calculate the highest common factor of n and t.
14
Suppose 3*g - 2*y = 435, 5*g = -2*y + 214 + 495. What is the highest common divisor of g and 13?
13
Suppose -5*j = 5, 2*j - 3*j = 4*g - 335. What is the greatest common factor of g and 12?
12
Suppose 4 = z - 1. Let a be ((-6)/12)/(1/(-6)). Let v = z - a. Calculate the highest common factor of v and 2.
2
Let x = -5 + 10. Suppose x*f - 22 = 18. What is the highest common divisor of 88 and f?
8
Suppose 2*j - 188 = -4*r, 5*r - 4*j - j = 250. Calculate the highest common divisor of 6 and r.
6
Let t(g) = 12*g**2 + 10*g + 6. Let y be t(-6). Suppose 0*c + 3*c = y. What is the greatest common factor of 14 and c?
14
Suppose m = -4*n + 8, 0 = -3*n + n - 5*m - 14. Let h = -68 + 29. Let i be (-1 - 0)*h/n. Calculate the greatest common divisor of 143 and i.
13
Let n be (-5 - 0)/((-1)/10). What is the highest common divisor of n and 10?
10
Suppose 5*f + 6 = v - 33, 0 = 2*v + 4*f - 64. Suppose -4*a - 37 = -3*w, 5*a = 2*w - 0*a - v. Calculate the highest common factor of w and 35.
7
Suppose 14*r - 70 = 210. Let s(o) = -o**3 - 3*o**2 - 2*o + 4. Let d be s(-3). Calculate the highest common factor of d and r.
10
Let a(q) = -7*q - 8. Let m(d) = 8*d + 8. Let t(f) = 6*a(f) + 5*m(f). Let h be t(-10). What is the greatest common divisor of h and 8?
4
Let b(f) = -2*f + 1. Let h be b(-1). Let o(m) = 3 + 1 + 5 - 4*m + 5*m. Let k be o(0). Calculate the greatest common divisor of h and k.
3
Let a(g) = -g**3 + 12*g**2 - 6*g - 18. Let p be a(9). What is the highest common divisor of p and 57?
57
Suppose 0 = 2*g + 3*d + 2, -4*d - 6 = -d. Let v = g - 3. Let j be ((-6)/(-9))/v*-36. Calculate the highest common factor of 6 and j.
6
Let d be 2*1*238/28. Let p = d + 145. What is the greatest common divisor of p and 18?
18
Let a(s) = 64*s**2 + 2*s + 1. Let f be a(-1). Suppose -30*t = -178 - 92. What is the highest common factor of t and f?
9
Let o be 1*(-2 + 10 - 2). Let k = -1 + o. Calculate the greatest common divisor of k and 5.
5
Suppose 0*u + 242 = 2*u + 2*c, 0 = 5*u - c - 623. What is the greatest common factor of 4 and u?
4
Suppose -4*o - 20 = -2*n, 2*o = 5*n - 2*o - 38. Calculate the greatest common divisor of 66 and n.
6
Let j = 9 + -5. Let d(u) = -u**3 + 9*u**2 + 2*u - 1. Let v be d(8). Let i = 111 - v. Calculate the highest common divisor of i and j.
4
Let b = 20 - -46. What is the highest common factor of 6 and b?
6
Let b(j) = -j**3 - 6*j**2 - 25. Let x be b(-7). Calculate the greatest common divisor of 132 and x.
12
Let f be (-3 - -4) + 75 + 0. Suppose 0 = -4*c + 2 + 2. Let j = c - -18. What is the greatest common divisor of f and j?
19
Suppose -76 = 5*i - 5*q + 9, 3*q = -3*i - 69. Let r = 35 + i. Calculate the greatest common factor of r and 5.
5
Suppose 8*h = 158 + 34. What is the greatest common divisor of 60 and h?
12
Let z(p) = -22*p - 7. Let d be z(-6). Calculate the highest common divisor of 25 and d.
25
Let l be (2 + 139)/((-6)/4). Suppose 161 = -3*o + 2*u, 4*o + 0*o + 4*u + 228 = 0. Let k = o - l. Calculate the greatest common divisor of 26 and k.
13
Let f = -14 - -19. Suppose 0*n = f*n - 80. What is the highest common divisor of 4 and n?
4
Suppose 4*v + 2*w = 622, 5*v + 5*w - 770 = -0*w. Let h = v - 85. Calculate the greatest common divisor of h and 9.
9
Suppose -1292 = -4*r - 236. What is the highest common divisor of r and 24?
24
Let j be 212/2 - (-10)/(-10). What is the greatest common factor of j and 21?
21
Let n be 1/3 + (-65)/(-3). Let w(u) = -12*u**3 - 2*u**2 + u + 2. Let j be w(-1). Calculate the greatest common divisor of j and n.
11
Let w(m) = 3*m + 7. Let n be w(5). Calculate the greatest common divisor of n and 88.
22
Let g be 36/(-8) - (-2)/(-4). Let j be 2/5 - (-17)/g. Let l be ((-1)/j)/((-1)/(-39)). What is the greatest common factor of 52 and l?
13
Suppose 31 = 3*f - 32. What is the greatest common factor of 14 and f?
7
Suppose 2*y + 2*n = -y + 23, 0 = 4*n + 8. What is the greatest common factor of y and 9?
9
Suppose 65 = -2*w + 105. What is the greatest common divisor of w and 12?
4
Let y be -2 + 4 + -4 + 4. Calculate the highest common divisor of 1 and y.
1
Suppose -19*s - 190 = -21*s. What is the highest common divisor of s and 38?
19
Suppose 0 = m + 11 - 17. What is the greatest common factor of m and 9?
3
Suppose 0 = -t - q + 1, 5*t + 5*q = 4*t + 17. Let m = t + 4. Calculate the highest common divisor of 8 and m.
1
Let z be 1 - -129*(2 + -3). Let q = z + 245. Suppose -2*f = -g + 23, 19 = 5*g - f - 51. What is the greatest common divisor of g and q?
13
Let b = -4 - -8. Let h be b/(-10) - 752/(-5). Suppose -5*p = -4*x - x + h, 2*p + 25 = x. What is the greatest common divisor of 14 and x?
7
Let s(u) = -u**3 + 8*u**2 + 2*u - 12. Let n be s(6). Calculate the highest common factor of n and 9.
9
Let q(j) = -j**3 + 5*j**2 - 4*j + 1. Let a be q(3). Let d(x) = -x. Let t be d(-7). What is the highest common factor of t and a?
7
Let h be 104/28 + 2/7. Let u be -1*h/((-4)/(-3)). Let y(d) = 2*d**2 + 2*d. Let o be y(u). Calculate the highest common divisor of 24 and o.
12
Suppose 0 = 3*m - 4*k - 56, 2*m - 42 = -0*k - 2*k. What is the greatest common factor of 160 and m?
20
Let m = -171 - -346. What is the greatest common factor of m and 25?
25
Let q(y) = 14*y - 1. Let v be q(1). Let m(f) = 6*f + 2. Let l be m(4). What is the greatest common divisor of l and v?
13
Suppose -4*j = -n - 3, -3*n + 6*j = j - 5. Suppose n*r - 136 = s, 5*r = 6*s - 3*s + 128. Suppose -3 = q - 10. Calculate the highest common divisor of r and q.
7
Let x be (-2)/(-4) - 4193/(-14). Suppose 0 = 5*p - p + x. Let m = -30 - p. Calculate the greatest common factor of m and 15.
15
Let j be 58/6 - (-2)/6. Let g = 97 + -47. Calculate the greatest common divisor of j and g.
10
Suppose -c + 155 = 4*c. Let z = c - 15. Let y be (-122)/(-8) - 4/z. What is the greatest common factor of 45 and y?
15
Let b be (-76)/(-2)*(2 - 3). Let g = 2 - b. What is the highest common factor of g and 10?
10
Let r be -2 + (1*-2 - -6). Suppose -2*j - t = -36, -2*j + 90 = 3*j - r*t. What is the highest common divisor of j and 45?
9
Suppose 0 = 4*p + 2*a - 46, -4*p = -5*p - a + 14. What is the greatest common factor of p and 3?
3
Let d be -43*(-1 + -1 - 0). Let b be d/4 - 4/(-8). What is the highest common divisor of b and 2?
2
Let s = -33 - -23. Let i = s + 16. What is the highest common divisor of 4 and i?
2
Let n = -19 + 25. Let j = -46 - -106. Suppose n*a = 2*a + j. Calculate the highest common factor of 165 and a.
15
Suppose -4*v + 229 = -211. Calculate the greatest common factor of v and 10.
10
Let t = 70 + -56. Calculate the greatest common factor of 70 and t.
14
Suppose 0 = -3*w - 78 - 3. Let i(d) = 4*d**2 + 7*d -